der when d(t) is divided by q?
15
Let u = 142 + -107. What is the remainder when 173 is divided by u?
33
Suppose 3*l + 8 = -1. Let k(d) = -29*d - 6. Let o be k(l). Suppose -39*v - o = -42*v. What is the remainder when v is divided by 5?
2
Let h = 69 - 21. Let a = -32 + h. Calculate the remainder when 46 is divided by a.
14
Let k = -2 - 17. Let j = 33 + k. Let l = -12 + 66. Calculate the remainder when l is divided by j.
12
Suppose 2*t + 20 = 4*d, -2*d + 20*t = 21*t - 6. Calculate the remainder when 29 is divided by d.
1
Let b be 0*-2*1/(-6). Suppose -5*c + b*u + 39 = -3*u, 5*u = 5*c - 35. Calculate the remainder when 43 is divided by c.
7
Suppose 2*w - 93 + 1 = 0. Suppose 3*o - 5*q = o + 44, o - 8 = -q. Calculate the remainder when w is divided by o.
10
Let m = -24 - -27. Suppose -m*c = -4*g - 377, -3*g = -5*c + c + 512. What is the remainder when c is divided by 33?
32
Let c = 16 - 8. Suppose -213 + 75 = -3*k. Calculate the remainder when k is divided by c/6*9/1.
10
Let c(u) = -u**3 + u - 3. Suppose h - k = -6*k + 54, 5*k + 66 = 4*h. What is the remainder when c(-5) is divided by h?
21
Let w be (((-12)/5)/(-2))/(15/50). Let k = w + 2. What is the remainder when k is divided by 3?
0
Suppose 20*j = 3*j + 646. What is the remainder when j is divided by 6?
2
Let g(t) = -3*t + 19. Let l = 93 - -9. Calculate the remainder when l is divided by g(2).
11
Let z = 10 + -5. Suppose -2*j + z*y = -55, 37 = j - 4*y + 11. Suppose -j = -3*h + h. Calculate the remainder when h is divided by 9.
6
Let g(y) = y**2 - 17*y + 74. Suppose -4*h + 256 = 4*l, -2*h + h + 4*l + 89 = 0. Calculate the remainder when h is divided by g(11).
5
What is the remainder when 106 is divided by (-46)/138 - (680/(-6))/4?
22
Let k = -93 + 175. Let n = k - 4. Calculate the remainder when n is divided by 21.
15
Let q be (-3 + (-3)/(-9))*-3. Let u = q - 1. Suppose -3*j = 3*k - 3, -j - 2*k = k + u. Calculate the remainder when 18 is divided by j.
3
Suppose -5*w = o - 744 - 797, -w + 5*o + 329 = 0. Calculate the remainder when w is divided by 89.
42
Calculate the remainder when (1*-3)/(10*(-21)/12810) is divided by (-1)/((-1)/47 - 0).
42
Let b = -46 + 25. Calculate the remainder when 29 is divided by -2 - (1*b + 4).
14
Suppose -27 = 4*b - 87. Let o(r) = -2*r**3 - 22*r**2 + 5*r + 301. What is the remainder when o(-10) is divided by b?
6
Let j be ((-4)/(-1))/(8/(-16)). Calculate the remainder when 59 is divided by (-38)/(-3) - j/(-12).
11
Suppose -t + 3*m = 10, -3*m + 6 = t - 2*m. Let g(y) = 2*y + 2. What is the remainder when g(0) is divided by t?
0
Suppose 3*s = 9 + 141. What is the remainder when 116 is divided by s?
16
Suppose 18*k = 975 + 267. Calculate the remainder when 165 is divided by k.
27
Let a(o) = o**2 + 15*o + 17. What is the remainder when 13 is divided by a(-14)?
1
Suppose -6 = 3*n, 3*a = a - 2*n + 20. Suppose 4 = -4*q + a. Suppose q*u - 76 = -0*u. What is the remainder when u is divided by 13?
12
Let a(s) = 14*s - 87. Calculate the remainder when 150 is divided by a(8).
0
Let y(u) = -3*u**3 - 4*u**2 - u + 3. Calculate the remainder when (396 + -400)/(1/(-50)) is divided by y(-3).
47
Let q be -22 - (-2)/(-3)*-3. Let x be q/(-25)*10/4. Suppose x*v - 10 = 12. Calculate the remainder when 32 is divided by v.
10
Suppose 0*r - 14 = -r. Let y(a) = 2*a**2 + 91*a + 71. Calculate the remainder when y(-45) is divided by r.
12
Let q(c) = -c**3 + 3*c**2 - 3*c + 2. Suppose 5*y + 27 = 4*w, -3*y = -3*w + 4 + 14. Calculate the remainder when w is divided by q(1).
0
Suppose 187 = -2*j + 43. Let q = j - -78. Calculate the remainder when 52 is divided by q.
4
Calculate the remainder when 323 is divided by (-72)/(-9)*(-205)/(-40).
36
Let i(k) = 2*k**2 + 3*k + 4. Let s = 10 - 14. What is the remainder when -14 - -1 - (3 - 109) is divided by i(s)?
21
Let w = 803 + -732. What is the remainder when 88 is divided by w?
17
Suppose -2*b + 0*b + 3*r - 12 = 0, -2*r = -4*b - 8. Suppose -5*p - 3*s = -5*s - 801, b = -5*p - 2*s + 789. What is the remainder when p is divided by 23?
21
Calculate the remainder when 127 is divided by ((-120)/(-6) - 5) + 7.
17
Suppose 4*q = 5*s + 6*q - 95, -2*s + q = -29. Calculate the remainder when ((-8)/6)/(6/(-288)) is divided by s.
13
Let o(m) = 18*m - 1. Let f(u) = -3*u**3 - 27*u**2 - 28*u. What is the remainder when f(-8) is divided by o(1)?
15
Calculate the remainder when (-1 - 25)/(4/(-46)) is divided by 18.
11
Suppose 17*w = 12*w + 3*z + 54, -2*w = -2*z - 24. What is the remainder when 143 is divided by w?
8
Calculate the remainder when 2 - -4 - (-102)/2 is divided by 5.
2
Suppose 2*t - 636 = 368. Calculate the remainder when t is divided by 101.
98
Let z(l) = -l - 7. Let h be z(3). Calculate the remainder when (-258)/(-4) + (-5)/h is divided by 11.
10
Suppose -55 = -2*j + 21. What is the remainder when j is divided by (-4 - -7)/(-6)*-18?
2
Let d be ((-16)/12)/((-2)/6). Suppose g + d*l = -20, 0*l + 10 = 5*g - 2*l. Suppose -3*s + s + 148 = g. Calculate the remainder when s is divided by 15.
14
Let b(d) = -2*d**3 + 7*d**2 - 6*d + 6. Let y(g) = -3*g**3 + 8*g**2 - 7*g + 6. Let z(r) = -5*b(r) + 4*y(r). Calculate the remainder when z(-3) is divided by 6.
3
Let l(w) = 4*w**3 + 2*w - 7. Let q(f) = 9*f**3 + f**2 + 5*f - 15. Let c(y) = -7*l(y) + 3*q(y). What is the remainder when (-1)/(-1)*2800/112 is divided by c(3)?
4
What is the remainder when 485 is divided by (-180)/(-6) + -9 - -6?
26
Let t be (-5 - -2)/(21/(-490)). Let o = -195 + t. Let z = -75 - o. What is the remainder when z is divided by 13?
11
Calculate the remainder when 60 is divided by (-17094)/(-296) - ((-5)/4 + 1).
2
Calculate the remainder when -330*(-6 - 102/(-18)) is divided by 37.
36
Let x = 3 - -2. Let o = 22 + -20. Calculate the remainder when x is divided by o.
1
Suppose 4*i - h = 384, 25*i = 30*i - 3*h - 473. What is the remainder when 383 is divided by i?
92
Let r(n) = -n**2 + 17*n + 19. What is the remainder when r(-1) is divided by 1?
0
Let w be (7/(-21))/((-1)/(-3)). Calculate the remainder when (0 + 1)*(61 + -4) is divided by (w*6)/((-6)/15).
12
Calculate the remainder when 143 is divided by (-24)/(-1*(-2 + (-8)/(-3))).
35
Suppose -30*p - 290 = -35*p. What is the remainder when 164 is divided by p?
48
Suppose -7*t + 137 = -171. What is the remainder when 349 is divided by t?
41
Suppose 9*k - 892 + 217 = 0. Suppose 0*d + 22 = d. Calculate the remainder when k is divided by d.
9
Let n = -11 - -28. What is the remainder when 303 is divided by n?
14
Suppose 2*p - 90 = -2*n + 7*n, -n = -p + 45. Let h = p - 38. Calculate the remainder when h is divided by 5.
2
Suppose -207 + 70 = -p. What is the remainder when p is divided by 35?
32
Suppose -2*n - o - 18 = 0, -n - 3 = -o + 6. Let b be 3/(-5)*90/n. Suppose 283 = -b*u + 733. What is the remainder when u is divided by 19?
18
Let d(m) = m**2 + 1. Let j(q) = -4*q**2 + 7*q + 7. Suppose 4*a - 1 = 3. Let h(r) = a*j(r) + 3*d(r). Calculate the remainder when 44 is divided by h(6).
12
Let b(t) = -8*t - 27. Let y be b(-5). Suppose 12*r + 3*u + 23 = y*r, -5*r - 3*u = -79. Calculate the remainder when 150 is divided by r.
14
Let d(n) = n**3 - 7*n**2 + n + 16. Suppose 0 = -3*v + 6*v - 21. Calculate the remainder when d(v) is divided by 5.
3
Suppose -32 + 95 = 3*d. Let x(c) = 3*c**3 - c**2 + 4*c + 4. Let f be x(-3). Let w = f + 137. Calculate the remainder when w is divided by d.
18
Suppose -5*a + 410 = 350. Calculate the remainder when 0*1/3 + 47 is divided by a.
11
Let q be 5 + 4/10 + 2/(-5). Let j = -91 - -170. Suppose 4*z = j + q. What is the remainder when 41 is divided by z?
20
What is the remainder when 110*4*((-7)/56)/(-1) is divided by 4?
3
What is the remainder when 4/22 - ((-56592)/33)/6 is divided by 9?
7
Let r(b) = 12 - 11 + 0*b + 0*b + 3*b. Suppose 0 = 2*j + 3*n - 185, 2*n + 69 = 2*j - 91. Calculate the remainder when j is divided by r(7).
19
Suppose -5*j + 4*j = -13. Suppose j = r - 37. Let t = r + -35. What is the remainder when t is divided by 8?
7
What is the remainder when 197 is divided by 21*(-54)/(-63) + -7?
10
Suppose -2*q - 23 - 1 = 0. Let b = q + 40. Calculate the remainder when b is divided by 15.
13
What is the remainder when 262 is divided by (-76)/19*123/(-6)?
16
What is the remainder when 15 is divided by ((-360)/(-16))/15*2?
0
Suppose 0 